3*l. What is the greatest common factor of 1 and i?
1
Suppose 3*l = 5*l. Suppose l = -i + 29 - 12. Calculate the highest common factor of i and 119.
17
Suppose 0 = -2*t - 20 + 32. What is the greatest common factor of 15 and t?
3
Let q = 4 - -2. Let p = -17 + 34. Let l = -5 + p. Calculate the highest common factor of q and l.
6
Suppose 14*v = v + 104. Suppose 0 = 2*b + 8, 5*d - 146 = -3*b + 162. Suppose -d = 2*p - 6*p. What is the highest common divisor of p and v?
8
Suppose 3*t - 100 = -4*f, 12 = -5*f + 2*t + 114. What is the highest common factor of 66 and f?
22
Suppose -3*m = -5*b - 55, m + 19 = 2*m - 2*b. Let p = -6 + m. What is the highest common divisor of p and 36?
9
Let h = -12 - -16. Suppose -3*d - 2*q + 5 + h = 0, 9 = 3*d + 4*q. Let l be 12/4 - (1 - 0). Calculate the highest common divisor of l and d.
1
Suppose -5*w - 10 = 0, -3*h - 3*w = -2*w - 43. What is the highest common divisor of 120 and h?
15
Suppose 0 = -3*h + 34 + 8. Calculate the greatest common factor of 126 and h.
14
Let j = 20 - 15. What is the greatest common divisor of 40 and j?
5
Suppose 5*w - 245 = 85. What is the highest common divisor of 44 and w?
22
Suppose 4*z = -4*r + 204, -4*r + 2*z + 228 = -2*z. Suppose -18 = 6*n - r. Let t be -48*1/4*-2. What is the highest common divisor of n and t?
6
Let u(y) = -199*y - 1. Let t be u(-1). What is the highest common divisor of 18 and t?
18
Let q(a) = 8*a - 7. Let c be q(3). Let x be 17*(-1*2 + 9). Calculate the greatest common divisor of x and c.
17
Let s = -3 - -6. Suppose x = -3*u - x + 40, -4*u - s*x + 54 = 0. Calculate the greatest common divisor of 12 and u.
12
Suppose -5*m + 44 = 5*c - 141, 0 = -5*c + 3*m + 225. Calculate the highest common divisor of c and 6.
6
Let t = -20 - -29. Let w(k) = -k**3 + 8*k**2 + 9*k + 8. Let m be w(t). Let z = 5 + 3. Calculate the greatest common factor of z and m.
8
Let o be (1 - (-3)/(-5)) + (-474)/(-15). Let r = 0 + 16. What is the highest common factor of r and o?
16
Let c = -549 - -335. Let r = -94 - c. What is the greatest common divisor of 15 and r?
15
Suppose 0 = h - 41 - 22. Suppose 2*r - 3 - 81 = 0. What is the highest common factor of r and h?
21
Let j be (-15)/2*(0 - (-12)/(-15)). What is the greatest common divisor of 3 and j?
3
Let c = 20 + 24. Let j = -24 + c. Calculate the greatest common factor of j and 10.
10
Let g = 43 - 63. Let u = 10 - g. Let k be 0*1/3 + u. What is the highest common factor of k and 45?
15
Let n(w) = 14*w**2 + 3*w + 2. Let x be n(-2). Suppose -3*v + d = 2*d - 31, 4*v - 4*d - x = 0. Calculate the greatest common factor of v and 1.
1
Suppose 2*q + 2*q = -8. Let k = 4 + q. Suppose 3*n - 36 = -5*c, 0 = -c - 0*n + 2*n + k. What is the greatest common factor of c and 3?
3
Let a(p) = -p**3 + 2*p**2 + 3*p - 4. Let b be a(3). Let r be b/3*5*-9. Suppose 0 = -3*h - 0*h + r. Calculate the greatest common factor of 140 and h.
20
Let d = 23 - -16. Calculate the highest common divisor of 26 and d.
13
Let f be ((-6)/(-4))/(3/548). Let t = f - 186. Let z be 174/21 - 2/7. What is the greatest common factor of t and z?
8
Suppose 427 = -2*a - 569. Let u be 0 + -1 - -3 - a. Let j be u/8 + 2/4. Calculate the greatest common divisor of j and 9.
9
Let r = -8 - -38. Calculate the greatest common divisor of 10 and r.
10
Let o(j) = -5*j - 1. Let p be o(-5). Calculate the highest common divisor of p and 6.
6
Let m(k) = -k**3 - 11*k**2 - 19*k - 4. Let c be m(-9). What is the greatest common divisor of c and 40?
5
Suppose 3*r - 2 - 10 = 0. Let d(y) = 2*y - 5. Let q be d(r). What is the greatest common factor of 6 and q?
3
Let p(d) = -d**2 - 4*d + 2. Let z be p(-5). Let u(c) = -c**3 + c**2 + c. Let o be u(z). Let t = -2 + 5. What is the greatest common divisor of o and t?
3
Let g = 18 - 12. Let k be (-2 + 144)/2 - -1. Let o be ((-1)/(-2))/(4/k). What is the highest common divisor of o and g?
3
Let r be (-4)/(-18) + 1610/126. What is the highest common divisor of r and 169?
13
Let i(s) = 9*s - 36. Let g be i(5). Calculate the greatest common divisor of 171 and g.
9
Let k(z) be the first derivative of z**4/2 - 4*z**3/3 - z + 1. Let i be 6/(-3)*(1 - (-6)/(-2)). Let q be k(i). What is the highest common divisor of q and 7?
7
Let b = 6 - -19. Let t be 0*3/(-12)*2. Suppose -f + j - 28 + 153 = 0, 4*j = t. Calculate the greatest common factor of f and b.
25
Let h = 198 - 88. Suppose 0 = -x - y - 1, 0 = -4*x - 5*y - 4. Let l be (4/x)/((-4)/10). Calculate the greatest common factor of h and l.
10
Suppose -5 = -5*a - 5*l + 35, 0 = -5*a - l + 32. Let j be ((-3)/a)/(1/(-56)). What is the greatest common divisor of 70 and j?
14
Let o = 8 + -6. Suppose -z + 1 = 2*y - 195, o*z = 5*y - 472. What is the highest common factor of y and 12?
12
Let v be 1 + 106 + -5 + 3. Let y = v + -61. Calculate the greatest common factor of y and 110.
22
Let z = 14 - -4. Suppose 5*d = 5, -2*q + d + 209 = 3*q. Let x be q/4*264/z. What is the highest common factor of 14 and x?
14
Let d(g) = 3*g**3 + 3*g**2 - g. Let l be d(-3). Let t = l + 75. What is the greatest common divisor of 8 and t?
8
Suppose 5*q - 3*h - 238 = h, -2*q + 103 = h. What is the highest common divisor of q and 10?
10
Let z(p) = -p**2 - 7*p + 7. Let y be z(-8). Let t = y + 5. What is the greatest common divisor of 8 and t?
4
Let l be 2/4 - (-621)/54. Calculate the greatest common divisor of 24 and l.
12
Let z = -89 - -197. Calculate the highest common divisor of 12 and z.
12
Let w(l) = 3*l + 14. Let z be w(0). What is the greatest common factor of z and 154?
14
Let j(q) = q**3 - 19*q**2 - 20*q + 7. Let b be j(20). What is the greatest common factor of b and 63?
7
Let n be 1*3 - (-12 + -7). Calculate the greatest common divisor of n and 22.
22
Let l(o) = -o**3 + 8*o**2 + o - 1. Let m be l(8). What is the highest common divisor of 49 and m?
7
Let v = 6 + 5. Let u be (24/(-28))/(-3) + 612/14. Calculate the greatest common factor of u and v.
11
Let h be 4/(-10) + 84/10. Suppose 3*o - h = 2*p, 3*p = 8*p + 5. Calculate the highest common divisor of 6 and o.
2
Let q be (-1)/(4/(-12)) + 21. Calculate the highest common divisor of q and 6.
6
Let y(x) = -x**2 + 4*x + 10. Let g be y(8). Let v be 4/g - (-290)/22. Let m = 14 + -1. What is the greatest common factor of v and m?
13
Suppose -5*o + 5*f + 378 = -22, o - 4*f = 92. Let p = 8 - 4. Let u be (19/4 - 0)*p. Calculate the highest common factor of u and o.
19
Suppose -2*t - 2*r = 26, 51 = -t - t + 3*r. Let l = t + 72. Calculate the greatest common divisor of l and 6.
6
Let o(z) = -z**3 - z**2 - z + 6. Let b be o(0). Let i be b/(3 + -2) + -1. What is the highest common divisor of i and 35?
5
Suppose -8 = -2*u + 10. Let g = -10 - -37. What is the highest common divisor of u and g?
9
Suppose -3*t + 194 = -13. Suppose -t = -3*z - 3*o, 0*z - 2*o = z - 18. Calculate the greatest common divisor of z and 14.
14
Suppose -2 - 1 = -3*a. Let p be 14/1 + (-2)/a. What is the greatest common factor of 36 and p?
12
Let z = -4 - -7. Suppose 36 = -z*h + 201. What is the greatest common factor of 22 and h?
11
Let j be 11 - (-1 + 1 + 3). Let t = -36 + 92. What is the highest common divisor of j and t?
8
Let d = -202 + 241. Calculate the greatest common divisor of 156 and d.
39
Suppose -t = 4, -t = -a + 4*a - 20. Suppose 0 = -2*h - 3*o - 4, 4*h - 9 = -2*o - 1. Calculate the greatest common factor of a and h.
4
Suppose -a + j - 2 = -5, j + 3 = -5*a. Suppose 4*l - 111 = -5*x, -3*x + 2*l - l + 53 = a. Calculate the greatest common factor of x and 76.
19
Let y = 34 - 21. Let r(o) = o**3 - 2*o**2 - 11*o + 13. Let k be r(6). Calculate the highest common divisor of y and k.
13
Suppose 4*j = d - 48, -d - 2*d + 170 = j. Calculate the greatest common factor of 14 and d.
14
Suppose -23*t + 16 = -21*t. Calculate the greatest common factor of t and 8.
8
Let u be (-2 + 1)/(3/(-66)). Let v = -52 - -107. What is the greatest common divisor of v and u?
11
Let k = -58 - -78. Calculate the greatest common factor of k and 50.
10
Let d(i) = 87*i**2 + 2*i - 1. Let a be d(1). Let c = -11 - -13. Suppose 2*j = -c*s + 2 + 4, 4*j + 20 = 0. Calculate the greatest common factor of a and s.
8
Suppose 3*l + 4 = 5*f, 3*f = -0*f - 3. Let z be 1*(-15)/9*l. Suppose -z*o + 3*o = -44. What is the highest common divisor of o and 11?
11
Let u be -36*((-48)/9)/4. S